factors of 69184.
2, 23, 47
List the prime factors of 3733985.
5, 746797
List the prime factors of 38373427.
167, 229781
What are the prime factors of 1423326?
2, 3, 151, 1571
What are the prime factors of 3957305?
5, 11, 31, 211
List the prime factors of 130965.
3, 5, 8731
List the prime factors of 96666.
2, 3, 16111
List the prime factors of 867723.
3, 289241
List the prime factors of 220911.
3, 73637
What are the prime factors of 59159?
59159
List the prime factors of 3359976.
2, 3, 139999
What are the prime factors of 180292?
2, 7, 47, 137
What are the prime factors of 320750?
2, 5, 1283
What are the prime factors of 1048700?
2, 5, 10487
List the prime factors of 591653.
591653
List the prime factors of 173309.
173309
List the prime factors of 6978057.
3, 2326019
List the prime factors of 895924.
2, 67, 3343
What are the prime factors of 2579721?
3, 307, 2801
What are the prime factors of 7062655?
5, 109, 12959
List the prime factors of 146154.
2, 3, 24359
List the prime factors of 9480032.
2, 296251
What are the prime factors of 483015?
3, 5, 13, 2477
List the prime factors of 1795614.
2, 3, 19, 829
List the prime factors of 12660700.
2, 5, 13, 9739
What are the prime factors of 19878277?
19878277
What are the prime factors of 665248?
2, 20789
What are the prime factors of 15223201?
7, 31, 73
What are the prime factors of 1057832?
2, 132229
What are the prime factors of 4567156?
2, 11, 23, 4513
List the prime factors of 3396478.
2, 19, 89381
What are the prime factors of 31169?
71, 439
List the prime factors of 9642144.
2, 3, 47, 2137
List the prime factors of 8630486.
2, 4315243
List the prime factors of 4506288.
2, 3, 269, 349
What are the prime factors of 6843408?
2, 3, 11, 13, 997
List the prime factors of 3466924.
2, 859, 1009
List the prime factors of 4132627.
67, 61681
List the prime factors of 7889187.
3, 2629729
What are the prime factors of 2161627?
13, 257, 647
List the prime factors of 608544.
2, 3, 2113
List the prime factors of 565866.
2, 3, 7, 499
List the prime factors of 18661406.
2, 53, 176051
What are the prime factors of 7290991?
7290991
What are the prime factors of 637172?
2, 159293
What are the prime factors of 248198?
2, 193, 643
What are the prime factors of 4002063?
3, 13, 89, 1153
What are the prime factors of 767621?
181, 4241
What are the prime factors of 809109?
3, 7, 1427
List the prime factors of 104919.
3, 41, 853
What are the prime factors of 131550?
2, 3, 5, 877
List the prime factors of 367268.
2, 11, 17, 491
List the prime factors of 1307677.
7, 89, 2099
List the prime factors of 7428477.
3, 7, 353737
What are the prime factors of 1323551?
1323551
List the prime factors of 739476.
2, 3, 41, 167
List the prime factors of 135534.
2, 3, 7, 461
What are the prime factors of 221192?
2, 43, 643
What are the prime factors of 9222763?
11, 47, 17839
List the prime factors of 3159810.
2, 3, 5, 47, 83
What are the prime factors of 5765694?
2, 3, 11, 87359
List the prime factors of 5728523.
5728523
List the prime factors of 167059.
17, 31, 317
What are the prime factors of 1984279?
11, 23, 31
List the prime factors of 1875822.
2, 3, 13, 24049
List the prime factors of 71693.
71693
List the prime factors of 553063.
7, 11287
What are the prime factors of 3562783?
7, 508969
List the prime factors of 564665.
5, 31, 3643
What are the prime factors of 11182565?
5, 59, 37907
List the prime factors of 4523856.
2, 3, 79, 1193
What are the prime factors of 178745?
5, 7, 5107
List the prime factors of 542099.
89, 6091
What are the prime factors of 4163160?
2, 3, 5, 34693
What are the prime factors of 117465?
3, 5, 41, 191
List the prime factors of 758836.
2, 13, 14593
List the prime factors of 876523.
876523
What are the prime factors of 190843?
190843
List the prime factors of 5598005.
5, 7, 73, 313
What are the prime factors of 1235182?
2, 13, 47507
What are the prime factors of 16278564?
2, 3, 1356547
List the prime factors of 866409.
3, 288803
List the prime factors of 269591.
7, 19, 2027
List the prime factors of 11869704.
2, 3, 7, 11, 2141
List the prime factors of 5644055.
5, 1128811
What are the prime factors of 9422172?
2, 3, 79, 3313
What are the prime factors of 241901?
11, 21991
What are the prime factors of 2035349?
2035349
What are the prime factors of 830276?
2, 207569
List the prime factors of 139096.
2, 17387
What are the prime factors of 1470050?
2, 5, 29401
List the prime factors of 8429.
8429
What are the prime factors of 413419?
331, 1249
List the prime factors of 19135913.
19135913
List the prime factors of 661058.
2, 383, 863
What are the prime factors of 262433?
262433
What are the prime factors of 788607?
3, 87623
What are the prime factors of 4222352?
2, 163, 1619
List the prime factors of 48743.
79, 617
List the prime factors of 1789344.
2, 3, 19, 109
What are the prime factors of 1075786?
2, 251, 2143
What are the prime factors of 13447921?
13447921
List the prime factors of 408233.
7, 29, 2011
List the prime factors of 2768878.
2, 7, 23, 8599
What are the prime factors of 43510?
2, 5, 19, 229
List the prime factors of 217599.
3, 72533
What are the prime factors of 26907?
3, 8969
What are the prime factors of 17141?
61, 281
What are the prime factors of 356205?
3, 5, 23747
List the prime factors of 8852313.
3, 2950771
List the prime factors of 12263525.
5, 490541
What are the prime factors of 17322761?
17322761
List the prime factors of 13906544.
2, 17, 29, 41, 43
List the prime factors of 98890.
2, 5, 11, 29, 31
What are the prime factors of 155842?
2, 67, 1163
List the prime factors of 4264249.
11, 387659
List the prime factors of 1469456.
2, 91841
List the prime factors of 3320406.
2, 3, 17, 3617
What are the prime factors of 77414?
2, 38707
What are the prime factors of 4707582?
2, 3, 11, 71327
What are the prime factors of 712015?
5, 142403
List the prime factors of 103231.
103231
List the prime factors of 175967.
11, 17, 941
What are the prime factors of 11235087?
3, 37, 33739
What are the prime factors of 248959?
47, 5297
List the prime factors of 13009969.
7, 71, 26177
List the prime factors of 825868.
2, 206467
What are the prime factors of 292362?
2, 3, 7, 6961
List the prime factors of 13827870.
2, 3, 5, 7, 47, 467
List the prime factors of 750028.
2, 187507
What are the prime factors of 31210583?
29, 31, 149, 233
What are the prime factors of 19956428?
2, 4989107
List the prime factors of 30828113.
30828113
What are the prime factors of 155876?
2, 7, 19, 293
What are the prime factors of 7994373?
3, 31, 67, 1283
What are the prime factors of 404269?
404269
What are the prime factors of 789812?
2, 197453
List the prime factors of 114896.
2, 43, 167
What are the prime factors of 236175?
3, 5, 47, 67
List the prime factors of 4004585.
5, 13, 61609
List the prime factors of 146995.
5, 29399
List the prime factors of 8249072.
2, 13, 39659
List the prime factors of 550676.
2, 7, 71, 277
List the prime factors of 1437879.
3, 79, 6067
What are the prime factors of 33363507?
3, 3217, 3457
What are the prime factors of 289376?
2, 9043
What are the prime factors of 3325173?
3, 131, 8461
What are the prime factors of 160158?
2, 3, 26693
List the prime factors of 2374774.
2, 1187387
What are the prime factors of 11205606?
2, 3, 1867601
What are the prime factors of 488820?
2, 3, 5, 8147
List the prime factors of 1745768.
2, 47, 4643
List the prime factors of 27652120.
2, 5, 59, 11717
List the prime factors of 50273.
50273
List the prime factors of 238616.
2, 7, 4261
List the prime factors of 16752477.
3, 7, 41, 19457
List the prime factors of 494080.
2, 5, 193
List the prime factors of 9410498.
2, 4705249
What are the prime factors of 18669024?
2, 3, 11, 71, 83
List the prime factors of 1199713.
509, 2357
List the prime factors of 272699.
7, 163, 239
List the prime factors of 40375233.
3, 1495379
What are the prime factors of 376244?
2, 11, 17, 503
List the prime factors of 14724388.
2, 7, 525871
What are the prime factors of 21050675?
5, 17, 49531
List the prime factors of 542767.
67, 8101
List the prime factors of 140855.
5, 11, 13, 197
What are the prime factors of 4134264?
2, 3, 17, 10133
What are the prime factors of 1253572?
2, 79, 3967
What are the prime factors of 313214?
2, 11, 23, 61